536
What is 101022221010 (base 3) in base 10?
203340
Convert 536492 (base 10) to base 6.
15255432
Convert 22866 (base 11) to base 15.
9b8e
What is 14c23db (base 14) in base 11?
580145a
-1100000010001111 (base 2) to base 4
-30002033
-25423354 (base 7) to base 8
-10634740
-1101110111011101 (base 2) to base 11
-39744
What is 706a2 (base 12) in base 2?
100011101011011010
135443202 (base 6) to base 12
b26502
Convert 26a5931 (base 11) to base 9.
8687245
-1000030204 (base 5) to base 16
-1dd4ee
What is 10343551 (base 6) in base 11?
1a1429
What is -156d9a (base 14) in base 10?
-749052
Convert -22682 (base 11) to base 7.
-164340
-1001001000001110011110111 (base 2) to base 4
-1021001303313
What is -546aa (base 11) in base 7?
-450262
What is -8694a (base 15) in base 4?
-1220111101
Convert -1034002 (base 5) to base 7.
-103325
11211010111 (base 3) to base 9
154114
144553 (base 8) to base 6
1034415
What is 11111200121112 (base 3) in base 8?
11106113
-6472 (base 15) to base 5
-1140012
What is 1020255 (base 9) in base 16?
85007
Convert -310298 (base 10) to base 13.
-ab311
-2313312 (base 6) to base 2
-11100111110101100
What is 412200 (base 5) in base 6?
142053
Convert 1856555 (base 9) to base 8.
3762073
-8bb97a (base 15) to base 6
-354552524
What is -15394a (base 11) in base 6?
-5044144
16667355 (base 9) to base 11
47a8011
-23119 (base 13) to base 11
-44015
-1f41e3 (base 16) to base 6
-111523415
Convert -12010101020001 (base 3) to base 4.
-22120331323
Convert 10b3e6 (base 15) to base 16.
c2acf
What is 10144220 (base 5) in base 15?
19eaa
What is 1123330331 (base 5) in base 8?
11604410
Convert 78b36 (base 14) to base 8.
1074314
What is -154cac3 (base 13) in base 14?
-c99723
Convert 1624587 (base 9) to base 3.
1200211122221
What is 1900317 (base 10) in base 7?
22103166
354899 (base 13) to base 11
795973
13b6da (base 14) to base 5
133401444
542206 (base 9) to base 10
323115
Convert 1230030110 (base 4) to base 12.
194558
Convert -1041401330 (base 5) to base 3.
-11022112201200
-29cdd4 (base 15) to base 9
-3715151
Convert 315410 (base 13) to base 15.
17be5e
Convert -46a4a1 (base 11) to base 3.
-1101220020222
What is -c13b2 (base 13) in base 3?
-122120001022
-4cd46 (base 14) to base 16
-2e312
What is -50b617 (base 13) in base 16?
-1cb642
-110100110111101010100 (base 2) to base 8
-6467524
What is 13382 (base 16) in base 5?
10004342
Convert 12321121 (base 4) to base 12.
14421
-ab9b (base 14) to base 4
-13100211
Convert -110001111001 (base 3) to base 8.
-717335
What is 166450 (base 9) in base 2?
11001001011110110
Convert -55200222 (base 6) to base 10.
-1648598
What is 539a5 (base 11) in base 2?
10011001001000010
Convert -2113220021 (base 4) to base 3.
-1011112221102
Convert -8676736 (base 10) to base 2.
-100001000110010110000000
What is 30013210330 (base 4) in base 6?
152031124
What is -124202340 (base 5) in base 6?
-21111414
-100001011110010001 (base 2) to base 15
-2a955
-693c65 (base 15) to base 7
-60465356
Convert 126dbc (base 14) to base 10.
633834
-1acca (base 13) to base 12
-26619
What is -102453430 (base 6) in base 13?
-4b55b6
566565 (base 7) to base 12
4a3b3
What is -982b33 (base 12) in base 15?
-329320
What is -543eb (base 15) in base 3?
-111120222012
What is 1965b8c (base 15) in base 6?
1501315240
What is -12211200133 (base 4) in base 12?
-6b3167
-2527570 (base 8) to base 5
-134402110
What is -22969a (base 13) in base 8?
-3102616
-9bc59 (base 14) to base 3
-201020000022
Convert 31224622 (base 7) to base 4.
22001230120
What is -133404 (base 7) in base 11?
-17a65
What is -3022022212 (base 4) in base 7?
-10016125
What is -32070a (base 11) in base 15?
-a2147
What is -1058ba4 (base 14) in base 9?
-15515300
What is 31a9894 (base 11) in base 14?
a698dc
What is 171553 (base 9) in base 7?
621333
Convert -11432 (base 13) to base 7.
-160523
Convert 1214455 (base 6) to base 5.
4031142
2012201202201 (base 3) to base 4
10133002123
42404034 (base 5) to base 16
571a1
-1bddfa (base 16) to base 7
-21344325
What is -100244113 (base 5) in base 9?
-668512
-1311213 (base 6) to base 2
-10001011110011001
Convert -2040012434 (base 5) to base 4.
-100012031200
Convert 7614b (base 14) to base 11.
185672
Convert 1001011100110110111000 (base 2) to base 6.
125033520
Convert -100111110011111 (base 2) to base 9.
-30857
What is -4278a1 (base 11) in base 9?
-1252088
Convert 20273474 (base 8) to base 5.
2044242424
-1b0650 (base 12) to base 8
-1645234
Convert 78634 (base 10) to base 9.
128771
Convert 111212314 (base 6) to base 9.
3723771
What is -2402441 (base 5) in base 2?
-1010110001011001
What is 613126 (base 13) in base 7?
25143664
1102122200211 (base 3) to base 12
308387
What is 2665415 (base 7) in base 6?
11315445
89afef (base 16) to base 3
121222102212122
-1580852 (base 9) to base 7
-10323134
What is -21a2 (base 12) in base 7?
-13565
Convert -1b57d (base 15) to base 8.
-255641
Convert -394a5d (base 14) to base 6.
-110134415
d42e95 (base 15) to base 6
1000051035
Convert -121569 (base 13) to base 11.
-275253
-2210022010 (base 3) to base 13
-1bca8
What is -3750066 (base 8) in base 11?
-64868a
Convert 22aa78 (base 11) to base 2.
1011001010110100101
Convert 2251155 (base 6) to base 3.
12212121122
-202110101 (base 3) to base 16
-3a42
What is -134302061 (base 7) in base 14?
-123d568
Convert 442004330 (base 5) to base 12.
77b5b4
101111010000100111 (base 2) to base 15
3c550
What is -101000001110001011101 (base 2) in base 15?
-1b07a6
Convert 121530 (base 10) to base 8.
355272
Convert 205402551 (base 6) to base 15.
4b8cc4
What is 12413654 (base 7) in base 9?
2111748
49434b (base 12) to base 8
4422753
What is -404637 (base 9) in base 5?
-30132012
What is 10010111011011111111 (base 2) in base 11?
394038
Convert 155102221 (base 7) to base 13.
2232c46
83877 (base 10) to base 4
110132211
-749a0 (base 16) to base 12
-1b0480
What is -32034204 (base 6) in base 14?
-1a5b64
100100001000 (base 2) to base 14
bb2
-1e30e (base 15) to base 12
-49058
Convert 41411414 (base 5) to base 4.
1103113230
What is -749a (base 15) in base 10?
-24670
Convert -a8734 (base 13) to base 3.
-120110120112
What is -1ac7 (base 16) in base 8?
-15307
Convert -33092 (base 13) to base 4.
-112203221
What is 3b026 (base 12) in base 3?
11010110010
Convert -2022022121110 (base 3) to base 12.
-4b1a26
Convert -121121022202 (base 3) to base 2.
-1001111110010101100
Convert 543444 (base 7) to base 2.
10111001010110000
What is -1b55e (base 15) in base 6?
-1523512
51451013 (base 6) to base 10
1484145
10012 (base 7) to base 4
211222
96882 (base 11) to base 4
202120031
357759 (base 10) to base 11
224876
Convert -5525030 (base 10) to base 16.
-544e26
What is -40322320 (base 5) in base 16?
-4ef84
What is -85ae42 (base 16) in base 4?
-201122321002
170e71 (base 16) to base 12
60a529
What is 16917752 (base 10) in base 2?
1000000100010010011111000
What is 25cb (base 14) in base 7?
25244
What is 21123010231 (base 4) in base 6?
124540021
-110110001110011011010 (base 2) to base 5
-423324413
Convert -1110100101001000011111 (base 2) to base 16.
-3a521f
What is 512ac1 (base 13) in base 7?
22034620
-66921a (base 11) to base 14
-1da8b0
50bc0a (base 15) to base 4
32220230212
Convert 157949 (base 11) to base 6.
5124535
What is -111021101012 (base 3) in base 11?
-169317
Convert -12332 (base 8) to base 3.
-21022201
What is 605655 (base 8) in base 11?
126a62
-22200010011 (base 3) to base 16
-29aaf
Convert -103310122 (base 4) to base 10.
-81178
14036 (base 15) to base 2
1111101010110000
Convert 402500 (base 6) to base 13.
11589
44320012 (base 5) to base 9
646880
1012100012002 (base 3) to base 16
9b68a
9936 (base 15) to base 4
13323003
-118235 (base 14) to base 8
-2221147
-82110 (base 13) to base 2
-111000111001101000
What is 5cc5a (base 14) in base 15?
475ca
What is -72757 (base 15) in base 6?
-11435314
What is -24c92 (base 15) in base 13?
-416a2
What is -15720341 (base 8) in base 13?
-9a84ca
Convert -2980 (base 12) to base 14.
-1aa4
Convert -49532c (base 13) to base 6.
-101331115
What is 337714 (base 10) in base 11?
210803
Convert -167d989 (base 14) to base 13.
-23a4631
Convert d09a7 (base 14) to base 5.
112020234
Convert 1c180b8 (base 14) to base 7.
230241321
What is -1115330 (base 7) in base 4?
-201313310
Convert -68760 (base 15) to base 12.
-140453
-204c9 (base 15